m.
28
Let p(l) = l. Let w be p(6). Let i be ((-28)/w)/((-4)/30). What is the greatest common divisor of 5 and i?
5
Suppose 7*u - 1845 = -1320. Calculate the highest common divisor of 475 and u.
25
Let m = -70 - -158. Let d = m + -16. Let g be (-1)/3 - (-219)/9. What is the highest common factor of d and g?
24
Let m be -3 - (80/(-10) - 1117). What is the highest common divisor of m and 132?
66
Suppose 4*u = 8, -4*s - 4*u + 72 - 12 = 0. Suppose 0 = -4*t + s + 19. Suppose 8*y + 126 - 702 = 0. What is the greatest common factor of t and y?
8
Let d = -135 + 136. Let x be -138*(d/2)/(-1). Calculate the highest common factor of x and 3.
3
Suppose 99 = -r - 32. Let a = r - -248. What is the greatest common divisor of 13 and a?
13
Let x be (-132)/12 - -20 - 7. Let v = -1 + 3. What is the greatest common divisor of v and x?
2
Let b = -366 - -367. Let q = 12 + -7. Suppose 13 = -3*k - q*u, -3*k - 2*u + 1 + b = 0. What is the highest common divisor of k and 1?
1
Suppose 2*y = 5*y + 2*n - 39, y = 2*n + 21. Suppose 20*r = y*r + 525. Let k(s) = s + 11. Let i be k(10). Calculate the greatest common divisor of r and i.
21
Suppose -216*z + 226*z - 2100 = 0. Calculate the highest common divisor of 60 and z.
30
Let l be ((-30305)/(-57))/29 - 2/6. What is the highest common factor of l and 882?
18
Let m be -6*2/4 - -9. Suppose -m = -14*z + 11*z. Suppose 225 = -z*j + 7*j. Calculate the greatest common divisor of j and 5.
5
Suppose 43 = l - 16. Suppose 56*f - l*f = -45. What is the highest common divisor of f and 9?
3
Suppose 0 = 2*n + 5*u + 16, -u + 2*u + 12 = 4*n. Suppose 372 = 3*w - 5*d, w - n*w + 122 = -d. Calculate the highest common factor of w and 17.
17
Let r be ((-5632)/(-22))/(4 - 2). Calculate the greatest common factor of r and 2.
2
Let d(y) = -142*y - 95. Let k be d(-2). What is the highest common factor of 27 and k?
27
Let y be 4 - (4 + -1 - -31). Let z = 34 + y. Suppose f = -z*f + 90. Calculate the highest common divisor of 72 and f.
18
Let t = 361 - 271. Suppose 4*g + 5*v = 29 + 13, 0 = g - 4*v. Suppose 0 = -x - 4*y + 2 - g, 5*y + 40 = 2*x. What is the highest common divisor of x and t?
10
Let d = 591 + -351. Calculate the greatest common divisor of d and 30.
30
Let y be (-1 - 268/(-6)) + (-121)/(-363). Calculate the highest common divisor of y and 572.
44
Let l(j) = 7*j**2 - 2*j + 1. Let r be l(1). Let d be 6/9*(-2 + 8 + 0). Suppose -35 = -d*y + 37. What is the greatest common divisor of r and y?
6
Let t(y) = -61*y - 3. Let v(w) = -w. Let x(s) = -t(s) - 4*v(s). Let f be x(2). Calculate the greatest common factor of f and 19.
19
Let a(p) = p**3 + 4*p**2 - 10*p + 8. Let w be a(-5). Let h(u) = -u**3 + u**2 - u + 22. Let f be h(0). What is the greatest common factor of f and w?
11
Let j = -198 - -211. Calculate the greatest common factor of 533 and j.
13
Let s = 81 - 46. Let y = -14 - -17. Suppose 2*a - 30 = 4*c, -y*c + 5 = 5*a - 18. What is the highest common divisor of a and s?
7
Let m(p) = p - 1. Let o be m(4). Let j be 27/(6*o/132). What is the highest common divisor of 22 and j?
22
Suppose 24*k + 230 = 47*k. What is the highest common divisor of 430 and k?
10
Suppose 5*k + c = 5, 28 = 27*k - 23*k - 4*c. Calculate the greatest common factor of 34 and k.
2
Suppose -5*g + 3*g + 764 = 0. Suppose -4*l = 94 - g. Let n(o) = 2*o**3 + 90*o**2 + 2*o + 114. Let r be n(-45). What is the greatest common factor of l and r?
24
Let u(z) = -104*z - 36. Let y(t) = -52*t - 18. Let g(f) = 2*u(f) - 5*y(f). Let c be g(6). Calculate the highest common factor of c and 30.
30
Suppose -2*k + 107 + 29 = x, -2*k + x + 144 = 0. Let j = k - 37. Calculate the highest common factor of j and 3.
3
Let t = -32 - -34. Suppose 4*f - 2*f = t, f + 4 = 5*g. Calculate the highest common factor of g and 7.
1
Let b = -82 - -85. Let c be (-6)/21 - (-185)/35. Suppose -4*w = 4*d - 84, c*w + 15 = -0*w. What is the greatest common divisor of d and b?
3
Suppose x + 4*m - 16 = -0*x, -4*m + 20 = 2*x. Suppose 0 = x*n - 55 - 21. Let p be (-287)/(-5) - 2/5. Calculate the greatest common divisor of n and p.
19
Suppose -4*q + 5*i - 6*i + 15 = 0, -3*q - 3*i + 18 = 0. What is the highest common divisor of q and 69?
3
Let p = 148 - -46. Let n = p + 198. Calculate the greatest common divisor of 49 and n.
49
Suppose -z + 10 = 2*z - 5*i, -5*z + i - 20 = 0. Let u be ((z/(-4))/1)/(8/32). Calculate the highest common divisor of u and 20.
5
Suppose -385 = -3*o - 2*n, n + 25 = 6*n. Let p = 18 - -32. What is the greatest common divisor of o and p?
25
Let t(b) = 2*b**2 - 9*b + 2. Let n be t(6). Suppose -5*w = 4*l, 0 = -l - 5*w + 2*w. Suppose l = -p + 4*p - 150. What is the highest common factor of p and n?
10
Let h be (-140)/6*(-180)/25. Suppose 0 = -12*p - 2*p + 294. What is the highest common divisor of h and p?
21
Suppose 0*u = 2*u - 24. Suppose -3*f + u = -0*f. Let n be f/4*2 - 1. What is the greatest common divisor of n and 1?
1
Let t = -882 + 1172. Calculate the greatest common divisor of 50 and t.
10
Suppose 3 = -5*w + 3*u - 10, 0 = 5*w + 5*u + 5. Let t be (-9)/(1*(-3 - 0) - w). Calculate the highest common factor of t and 3.
3
Suppose -69 + 45 = 4*n. Let l be (n/8)/(6/(-16)) - -4. Calculate the greatest common divisor of 4 and l.
2
Suppose -4*p = -0*x - x + 1, 19 = 3*x - 4*p. Let a(q) = 2*q**2 - 15*q - 6. Let r be a(x). Calculate the greatest common divisor of r and 231.
21
Let x = 168 - 108. Let q = -2 - -14. Suppose -3*s - 24 = -2*o, -s - q = -o - 5*s. What is the greatest common factor of o and x?
12
Let w be ((-2)/(-4))/((-2)/(-24)). Let u(q) = q**2 - 5*q - 10. Let v be u(7). Let r = 10 - v. What is the highest common factor of r and w?
6
Suppose 2*o - 45 = -3*o. What is the highest common factor of 33 and o?
3
Suppose 60 = 8*k - 76. What is the greatest common divisor of 204 and k?
17
Suppose -2*r - 15 = -5*j, -2 - 2 = j + r. Let x(m) = -5 + 2*m - 5*m - 3 - 1. Let l be x(-6). What is the highest common factor of j and l?
1
Suppose -3*o + 20 = o. Suppose -5*c + 3*b + 19 = 0, -o*c = 3*b + b + 2. Let x = 47 - 42. What is the greatest common divisor of c and x?
1
Let u(q) = 0*q**2 + 4*q**2 + 13*q - 3*q**2 - 2*q + 8. Let z be u(-12). Let y be 299/3 + 3/9. Calculate the highest common factor of y and z.
20
Suppose -l + 6*l - 145 = 5*m, -4*m = -3*l + 85. What is the highest common factor of 3 and l?
1
Let u(f) = f**3 + f**2 - 2*f + 2. Let c be u(3). Let n = -75 - -83. What is the highest common factor of n and c?
8
Suppose -4*f - v = -7602 + 2672, -4*f + 4932 = 2*v. Suppose -l - 10*l + f = 0. Calculate the highest common factor of l and 16.
16
Let o be (-2 - (5 - 8)) + 63. Calculate the highest common factor of 864 and o.
32
Let t be ((-6)/7)/((-6)/28). Let s(y) = y**2 - y - 1. Let j be s(-1). Suppose j = -2*o + 9. Calculate the greatest common factor of t and o.
4
Let s be (265/5 + 1)*10/4. Calculate the highest common divisor of s and 315.
45
Let q be (5/((-5)/(-3)))/(75/875). Calculate the greatest common factor of q and 595.
35
Suppose -2*b - 98 = 2*q, 4*b = q - 3*q - 96. Let s = q + 104. What is the highest common divisor of 18 and s?
18
Let a(d) = d + 5. Let u be (-6)/(-8) + (-290)/(-40). Let w be a(u). Calculate the greatest common divisor of w and 13.
13
Suppose 3*l = l - 5*q + 43, -l = -5*q + 1. Calculate the highest common factor of 742 and l.
14
Suppose -y = -2*g + 2*y + 33, -15 = -5*y. Let a(f) = f**2 + 4*f - 7. Suppose -2 = 5*n + 33. Let w be a(n). What is the highest common factor of w and g?
7
Let z be -1*(-5 + 65/15)*6. What is the greatest common factor of 20 and z?
4
Let f = -100 + 167. What is the highest common divisor of 268 and f?
67
Let y(h) = 11*h + 442. Let c be y(-40). Calculate the greatest common factor of c and 7.
1
Let p(r) = 2*r + 15*r**2 - 1 - 15*r**2 + 16*r**2 + 4*r. Let x be p(-2). Calculate the highest common factor of x and 17.
17
Let f = -85 - -105. Calculate the highest common divisor of f and 16.
4
Suppose -46*a - 1034 = -57*a. Calculate the highest common factor of a and 2491.
47
Let m be (-2 - -23)*(-1 - -2). Let u be 4/(24/78) - 24/4. Calculate the highest common divisor of m and u.
7
Let s = -204 - -232. Calculate the greatest common divisor of s and 40.
4
Let w = -24 + 50. Let l = -17 + -37. Let j be 12/l + (-472)/(-18). What is the highest common divisor of w an